{"id":155,"date":"2017-08-08T14:17:59","date_gmt":"2017-08-08T14:17:59","guid":{"rendered":"http:\/\/alexbricov.ro\/works\/hoef\/?page_id=155"},"modified":"2025-11-24T16:48:48","modified_gmt":"2025-11-24T16:48:48","slug":"what-our-clients-say","status":"publish","type":"page","link":"https:\/\/hoefligerpartners.swiss\/de\/what-our-clients-say\/","title":{"rendered":"Was sagen unsere Kunden \u00fcber uns"},"content":{"rendered":"<p>[vc_row][vc_column width=&#8220;1\/2&#8243;][vc_single_image image=&#8220;470&#8243;][vc_column_text]<b>Jos\u00e9 <\/b><b>Ley\u00fan<\/b><b>, CEO:<\/b><\/p>\n<p>\u00abHoefliger Partners led us on a process of self-reflection as an organization, leading to a strong sense of alignment on the mission and values underpinning our organization, but also to concrete steps towards building our future together. The appreciative inquiry approach helped to guide the process and put a frame around complex topics. We really valued their ability to match idealism and pragmatism, as well as their understanding of the unique nuances of our business. \u00bb[\/vc_column_text][\/vc_column][vc_column width=&#8220;1\/2&#8243;][vc_single_image image=&#8220;480&#8243; img_size=&#8220;93&#215;79&#8243;][vc_column_text]<b>Armin <\/b><b>Gallati<\/b><b>,\u00a0Head of HR, <\/b><strong>Member of the executive board:<\/strong><\/p>\n<p>\u00abIn unserem zweij\u00e4hrigen Grossprojekt \u201eKundenorientierung\u201c gelang es Ralph H\u00f6fliger, alle Stakeholder, angefangen bei der Gesch\u00e4ftsleitung, aktiv in die Prozessgestaltung einzubeziehen. Dies f\u00fchrte zu einem massgeschneiderten Ver\u00e4nderungsprozess f\u00fcr unser Unternehmen mit hohem Engagement. Gleichzeitig arbeitete er als Designer und Moderator von interaktiven F\u00fchrungs- und Grossgruppenworkshops f\u00fcr alle Mitarbeiter und erzielte gemeinsam mit dem Projektteam in kurzer Zeit relevante Ver\u00e4nderungsergebnisse. Die Zusammenarbeit mit Ralph H\u00f6fliger war sehr offen, konstruktiv und ergebnisorientiert. Beeindruckt hat mich auch seine breite Erfahrung in methodisch-didaktischen Fragen, die uns geholfen hat, in bestimmten Situationen die richtige Vorgehensweise zu w\u00e4hlen. Ich habe ihn als Projektleiter in diesem anspruchsvollen Ver\u00e4nderungsprozess sehr gesch\u00e4tzt.\u00bb[\/vc_column_text][\/vc_column][\/vc_row][vc_row][vc_column width=&#8220;1\/2&#8243;][vc_single_image image=&#8220;631&#8243;][\/vc_column][vc_column width=&#8220;1\/2&#8243;][vc_single_image image=&#8220;634&#8243;][\/vc_column][\/vc_row][vc_row][vc_column width=&#8220;1\/2&#8243;][vc_column_text]<b>Hans Werner <\/b><b>Griesser<\/b><b>,\u00a0Head of Program and Portfolio Management, Member of Executive Committee:<\/b><\/p>\n<p>\u00abI worked together with Ralph when he was supporting the Roche Site Manager in Rotkreuz proceeding with \u201cCulture on the move\u201d 2008 -2009, after the newly formed Business Area Roche Professional Diagnostics has arrived on site, meeting Roche Instrumentation, Roche Molecular Diagnostics and various line functions. Ralph is one of the consultants, who understands the nature of complex change management. I very much appreciate that he not only focuses on behavior changes but has a holistic approach via holistic group work to provide keys to unlock potential towards organizational and operational change. \u00bb[\/vc_column_text][\/vc_column][vc_column width=&#8220;1\/2&#8243;][vc_column_text]<b>Urs<\/b> <b>Rengel<\/b><b>,\u00a0CEO:<\/b><\/p>\n<p>\u00abRalph und sein Team haben unseren kulturellen Transformationsprozess drei Jahre lang intensiv begleitet. Mit seinem flexiblen und dennoch strukturierten Ansatz hat er uns professionell dabei unterst\u00fctzt, unsere Unternehmenskultur an die neue Marktsituation anzupassen, unsere interne Zusammenarbeit zu optimieren und konsequent auf unsere Kunden auszurichten. Wir sch\u00e4tzten besonders sein Talent, gezielt auf unsere Bed\u00fcrfnisse einzugehen, unser Managementteam und unsere Mitarbeiter zu motivieren und zu bef\u00e4higen und so einen nachhaltigen Wandel anzustossen.\u00bb[\/vc_column_text][\/vc_column][\/vc_row]<\/p>","protected":false},"excerpt":{"rendered":"<p>[vc_row][vc_column width=&#8220;1\/2&#8243;][vc_single_image image=&#8220;470&#8243;][vc_column_text]Jos\u00e9 Ley\u00fan, CEO: \u00abHoefliger Partners led us on a process of self-reflection as an organization, leading to a strong sense of alignment on the mission and values underpinning our organization, but also to concrete steps towards building our future together. The appreciative inquiry approach helped to guide the process and put a frame&hellip;<\/p>\n","protected":false},"author":2,"featured_media":0,"parent":0,"menu_order":0,"comment_status":"closed","ping_status":"closed","template":"","meta":{"footnotes":""},"class_list":["post-155","page","type-page","status-publish","hentry","description-off"],"yoast_head":"<!-- This site is optimized with the Yoast SEO plugin v27.5 - https:\/\/yoast.com\/product\/yoast-seo-wordpress\/ -->\n<title>Was sagen unsere Kunden \u00fcber uns - Hoefliger Partners<\/title>\n<meta name=\"robots\" content=\"index, follow, max-snippet:-1, max-image-preview:large, max-video-preview:-1\" \/>\n<link rel=\"canonical\" href=\"https:\/\/hoefligerpartners.swiss\/what-our-clients-say\/\" \/>\n<meta property=\"og:locale\" content=\"de_DE\" \/>\n<meta property=\"og:type\" content=\"article\" \/>\n<meta property=\"og:title\" content=\"Was sagen unsere Kunden \u00fcber uns - Hoefliger Partners\" \/>\n<meta property=\"og:description\" content=\"[vc_row][vc_column width=&#8220;1\/2&#8243;][vc_single_image image=&#8220;470&#8243;][vc_column_text]Jos\u00e9 Ley\u00fan, CEO: \u00abHoefliger Partners led us on a process of self-reflection as an organization, leading to a strong sense of alignment on the mission and values underpinning our organization, but also to concrete steps towards building our future together. The appreciative inquiry approach helped to guide the process and put a frame&hellip;\" \/>\n<meta property=\"og:url\" content=\"https:\/\/hoefligerpartners.swiss\/what-our-clients-say\/\" \/>\n<meta property=\"og:site_name\" content=\"Hoefliger Partners\" \/>\n<meta property=\"article:modified_time\" content=\"2025-11-24T16:48:48+00:00\" \/>\n<meta name=\"twitter:card\" content=\"summary_large_image\" \/>\n<meta name=\"twitter:label1\" content=\"Gesch\u00e4tzte Lesezeit\" \/>\n\t<meta name=\"twitter:data1\" content=\"3\u00a0Minuten\" \/>\n<script type=\"application\/ld+json\" class=\"yoast-schema-graph\">{\"@context\":\"https:\\\/\\\/schema.org\",\"@graph\":[{\"@type\":\"WebPage\",\"@id\":\"https:\\\/\\\/hoefligerpartners.swiss\\\/what-our-clients-say\\\/\",\"url\":\"https:\\\/\\\/hoefligerpartners.swiss\\\/what-our-clients-say\\\/\",\"name\":\"Was sagen unsere Kunden \u00fcber uns - Hoefliger Partners\",\"isPartOf\":{\"@id\":\"https:\\\/\\\/hoefligerpartners.swiss\\\/#website\"},\"datePublished\":\"2017-08-08T14:17:59+00:00\",\"dateModified\":\"2025-11-24T16:48:48+00:00\",\"breadcrumb\":{\"@id\":\"https:\\\/\\\/hoefligerpartners.swiss\\\/what-our-clients-say\\\/#breadcrumb\"},\"inLanguage\":\"de\",\"potentialAction\":[{\"@type\":\"ReadAction\",\"target\":[\"https:\\\/\\\/hoefligerpartners.swiss\\\/what-our-clients-say\\\/\"]}]},{\"@type\":\"BreadcrumbList\",\"@id\":\"https:\\\/\\\/hoefligerpartners.swiss\\\/what-our-clients-say\\\/#breadcrumb\",\"itemListElement\":[{\"@type\":\"ListItem\",\"position\":1,\"name\":\"Home\",\"item\":\"https:\\\/\\\/hoefligerpartners.swiss\\\/\"},{\"@type\":\"ListItem\",\"position\":2,\"name\":\"Was sagen unsere Kunden \u00fcber uns\"}]},{\"@type\":\"WebSite\",\"@id\":\"https:\\\/\\\/hoefligerpartners.swiss\\\/#website\",\"url\":\"https:\\\/\\\/hoefligerpartners.swiss\\\/\",\"name\":\"Hoefliger Partners\",\"description\":\"Business Transformation - Kulturentwicklung - Organisationsentwicklung - Demokratisierung von Organisationen\",\"publisher\":{\"@id\":\"https:\\\/\\\/hoefligerpartners.swiss\\\/#organization\"},\"potentialAction\":[{\"@type\":\"SearchAction\",\"target\":{\"@type\":\"EntryPoint\",\"urlTemplate\":\"https:\\\/\\\/hoefligerpartners.swiss\\\/?s={search_term_string}\"},\"query-input\":{\"@type\":\"PropertyValueSpecification\",\"valueRequired\":true,\"valueName\":\"search_term_string\"}}],\"inLanguage\":\"de\"},{\"@type\":\"Organization\",\"@id\":\"https:\\\/\\\/hoefligerpartners.swiss\\\/#organization\",\"name\":\"Hoefliger Partners\",\"url\":\"https:\\\/\\\/hoefligerpartners.swiss\\\/\",\"logo\":{\"@type\":\"ImageObject\",\"inLanguage\":\"de\",\"@id\":\"https:\\\/\\\/hoefligerpartners.swiss\\\/#\\\/schema\\\/logo\\\/image\\\/\",\"url\":\"https:\\\/\\\/hoefligerpartners.swiss\\\/wp-content\\\/uploads\\\/2017\\\/09\\\/Hoefliger_Partners_logo.png\",\"contentUrl\":\"https:\\\/\\\/hoefligerpartners.swiss\\\/wp-content\\\/uploads\\\/2017\\\/09\\\/Hoefliger_Partners_logo.png\",\"width\":842,\"height\":270,\"caption\":\"Hoefliger Partners\"},\"image\":{\"@id\":\"https:\\\/\\\/hoefligerpartners.swiss\\\/#\\\/schema\\\/logo\\\/image\\\/\"}}]}<\/script>\n<!-- \/ Yoast SEO plugin. -->","yoast_head_json":{"title":"Was sagen unsere Kunden \u00fcber uns - Hoefliger Partners","robots":{"index":"index","follow":"follow","max-snippet":"max-snippet:-1","max-image-preview":"max-image-preview:large","max-video-preview":"max-video-preview:-1"},"canonical":"https:\/\/hoefligerpartners.swiss\/what-our-clients-say\/","og_locale":"de_DE","og_type":"article","og_title":"Was sagen unsere Kunden \u00fcber uns - Hoefliger Partners","og_description":"[vc_row][vc_column width=&#8220;1\/2&#8243;][vc_single_image image=&#8220;470&#8243;][vc_column_text]Jos\u00e9 Ley\u00fan, CEO: \u00abHoefliger Partners led us on a process of self-reflection as an organization, leading to a strong sense of alignment on the mission and values underpinning our organization, but also to concrete steps towards building our future together. The appreciative inquiry approach helped to guide the process and put a frame&hellip;","og_url":"https:\/\/hoefligerpartners.swiss\/what-our-clients-say\/","og_site_name":"Hoefliger Partners","article_modified_time":"2025-11-24T16:48:48+00:00","twitter_card":"summary_large_image","twitter_misc":{"Gesch\u00e4tzte Lesezeit":"3\u00a0Minuten"},"schema":{"@context":"https:\/\/schema.org","@graph":[{"@type":"WebPage","@id":"https:\/\/hoefligerpartners.swiss\/what-our-clients-say\/","url":"https:\/\/hoefligerpartners.swiss\/what-our-clients-say\/","name":"Was sagen unsere Kunden \u00fcber uns - Hoefliger Partners","isPartOf":{"@id":"https:\/\/hoefligerpartners.swiss\/#website"},"datePublished":"2017-08-08T14:17:59+00:00","dateModified":"2025-11-24T16:48:48+00:00","breadcrumb":{"@id":"https:\/\/hoefligerpartners.swiss\/what-our-clients-say\/#breadcrumb"},"inLanguage":"de","potentialAction":[{"@type":"ReadAction","target":["https:\/\/hoefligerpartners.swiss\/what-our-clients-say\/"]}]},{"@type":"BreadcrumbList","@id":"https:\/\/hoefligerpartners.swiss\/what-our-clients-say\/#breadcrumb","itemListElement":[{"@type":"ListItem","position":1,"name":"Home","item":"https:\/\/hoefligerpartners.swiss\/"},{"@type":"ListItem","position":2,"name":"Was sagen unsere Kunden \u00fcber uns"}]},{"@type":"WebSite","@id":"https:\/\/hoefligerpartners.swiss\/#website","url":"https:\/\/hoefligerpartners.swiss\/","name":"Hoefliger Partners","description":"Business Transformation - Kulturentwicklung - Organisationsentwicklung - Demokratisierung von Organisationen","publisher":{"@id":"https:\/\/hoefligerpartners.swiss\/#organization"},"potentialAction":[{"@type":"SearchAction","target":{"@type":"EntryPoint","urlTemplate":"https:\/\/hoefligerpartners.swiss\/?s={search_term_string}"},"query-input":{"@type":"PropertyValueSpecification","valueRequired":true,"valueName":"search_term_string"}}],"inLanguage":"de"},{"@type":"Organization","@id":"https:\/\/hoefligerpartners.swiss\/#organization","name":"Hoefliger Partners","url":"https:\/\/hoefligerpartners.swiss\/","logo":{"@type":"ImageObject","inLanguage":"de","@id":"https:\/\/hoefligerpartners.swiss\/#\/schema\/logo\/image\/","url":"https:\/\/hoefligerpartners.swiss\/wp-content\/uploads\/2017\/09\/Hoefliger_Partners_logo.png","contentUrl":"https:\/\/hoefligerpartners.swiss\/wp-content\/uploads\/2017\/09\/Hoefliger_Partners_logo.png","width":842,"height":270,"caption":"Hoefliger Partners"},"image":{"@id":"https:\/\/hoefligerpartners.swiss\/#\/schema\/logo\/image\/"}}]}},"_links":{"self":[{"href":"https:\/\/hoefligerpartners.swiss\/de\/wp-json\/wp\/v2\/pages\/155","targetHints":{"allow":["GET"]}}],"collection":[{"href":"https:\/\/hoefligerpartners.swiss\/de\/wp-json\/wp\/v2\/pages"}],"about":[{"href":"https:\/\/hoefligerpartners.swiss\/de\/wp-json\/wp\/v2\/types\/page"}],"author":[{"embeddable":true,"href":"https:\/\/hoefligerpartners.swiss\/de\/wp-json\/wp\/v2\/users\/2"}],"replies":[{"embeddable":true,"href":"https:\/\/hoefligerpartners.swiss\/de\/wp-json\/wp\/v2\/comments?post=155"}],"version-history":[{"count":29,"href":"https:\/\/hoefligerpartners.swiss\/de\/wp-json\/wp\/v2\/pages\/155\/revisions"}],"predecessor-version":[{"id":1584,"href":"https:\/\/hoefligerpartners.swiss\/de\/wp-json\/wp\/v2\/pages\/155\/revisions\/1584"}],"wp:attachment":[{"href":"https:\/\/hoefligerpartners.swiss\/de\/wp-json\/wp\/v2\/media?parent=155"}],"curies":[{"name":"wp","href":"https:\/\/api.w.org\/{rel}","templated":true}]}}

Was sagen unsere Kunden über uns

<p>[vc_row][vc_column width=&#8220;1/2&#8243;][vc_single_image image=&#8220;470&#8243;][vc_column_text]<b>José </b><b>Leyún</b><b>, CEO:</b></p>
<p>«Hoefliger Partners led us on a process of self-reflection as an organization, leading to a strong sense of alignment on the mission and values underpinning our organization, but also to concrete steps towards building our future together. The appreciative inquiry approach helped to guide the process and put a frame around complex topics. We really valued their ability to match idealism and pragmatism, as well as their understanding of the unique nuances of our business. »[/vc_column_text][/vc_column][vc_column width=&#8220;1/2&#8243;][vc_single_image image=&#8220;480&#8243; img_size=&#8220;93&#215;79&#8243;][vc_column_text]<b>Armin </b><b>Gallati</b><b>, Head of HR, </b><strong>Member of the executive board:</strong></p>
<p>«In unserem zweijährigen Grossprojekt „Kundenorientierung“ gelang es Ralph Höfliger, alle Stakeholder, angefangen bei der Geschäftsleitung, aktiv in die Prozessgestaltung einzubeziehen. Dies führte zu einem massgeschneiderten Veränderungsprozess für unser Unternehmen mit hohem Engagement. Gleichzeitig arbeitete er als Designer und Moderator von interaktiven Führungs- und Grossgruppenworkshops für alle Mitarbeiter und erzielte gemeinsam mit dem Projektteam in kurzer Zeit relevante Veränderungsergebnisse. Die Zusammenarbeit mit Ralph Höfliger war sehr offen, konstruktiv und ergebnisorientiert. Beeindruckt hat mich auch seine breite Erfahrung in methodisch-didaktischen Fragen, die uns geholfen hat, in bestimmten Situationen die richtige Vorgehensweise zu wählen. Ich habe ihn als Projektleiter in diesem anspruchsvollen Veränderungsprozess sehr geschätzt.»[/vc_column_text][/vc_column][/vc_row][vc_row][vc_column width=&#8220;1/2&#8243;][vc_single_image image=&#8220;631&#8243;][/vc_column][vc_column width=&#8220;1/2&#8243;][vc_single_image image=&#8220;634&#8243;][/vc_column][/vc_row][vc_row][vc_column width=&#8220;1/2&#8243;][vc_column_text]<b>Hans Werner </b><b>Griesser</b><b>, Head of Program and Portfolio Management, Member of Executive Committee:</b></p>
<p>«I worked together with Ralph when he was supporting the Roche Site Manager in Rotkreuz proceeding with “Culture on the move” 2008 -2009, after the newly formed Business Area Roche Professional Diagnostics has arrived on site, meeting Roche Instrumentation, Roche Molecular Diagnostics and various line functions. Ralph is one of the consultants, who understands the nature of complex change management. I very much appreciate that he not only focuses on behavior changes but has a holistic approach via holistic group work to provide keys to unlock potential towards organizational and operational change. »[/vc_column_text][/vc_column][vc_column width=&#8220;1/2&#8243;][vc_column_text]<b>Urs</b> <b>Rengel</b><b>, CEO:</b></p>
<p>«Ralph und sein Team haben unseren kulturellen Transformationsprozess drei Jahre lang intensiv begleitet. Mit seinem flexiblen und dennoch strukturierten Ansatz hat er uns professionell dabei unterstützt, unsere Unternehmenskultur an die neue Marktsituation anzupassen, unsere interne Zusammenarbeit zu optimieren und konsequent auf unsere Kunden auszurichten. Wir schätzten besonders sein Talent, gezielt auf unsere Bedürfnisse einzugehen, unser Managementteam und unsere Mitarbeiter zu motivieren und zu befähigen und so einen nachhaltigen Wandel anzustossen.»[/vc_column_text][/vc_column][/vc_row]</p>

<p>[vc_row][vc_column width=&#8220;1/2&#8243;][vc_single_image image=&#8220;470&#8243;][vc_column_text]José Leyún, CEO: «Hoefliger Partners led us on a process of self-reflection as an organization, leading to a strong sense of alignment on the mission and values underpinning our organization, but also to concrete steps towards building our future together. The appreciative inquiry approach helped to guide the process and put a frame&hellip;</p>

<!-- This site is optimized with the Yoast SEO plugin v27.5 - https://yoast.com/product/yoast-seo-wordpress/ -->
<title>Was sagen unsere Kunden über uns - Hoefliger Partners</title>
<meta name="robots" content="index, follow, max-snippet:-1, max-image-preview:large, max-video-preview:-1" />
<link rel="canonical" href="https://hoefligerpartners.swiss/what-our-clients-say/" />
<meta property="og:locale" content="de_DE" />
<meta property="og:type" content="article" />
<meta property="og:title" content="Was sagen unsere Kunden über uns - Hoefliger Partners" />
<meta property="og:description" content="[vc_row][vc_column width=&#8220;1/2&#8243;][vc_single_image image=&#8220;470&#8243;][vc_column_text]José Leyún, CEO: «Hoefliger Partners led us on a process of self-reflection as an organization, leading to a strong sense of alignment on the mission and values underpinning our organization, but also to concrete steps towards building our future together. The appreciative inquiry approach helped to guide the process and put a frame&hellip;" />
<meta property="og:url" content="https://hoefligerpartners.swiss/what-our-clients-say/" />
<meta property="og:site_name" content="Hoefliger Partners" />
<meta property="article:modified_time" content="2025-11-24T16:48:48+00:00" />
<meta name="twitter:card" content="summary_large_image" />
<meta name="twitter:label1" content="Geschätzte Lesezeit" />
	<meta name="twitter:data1" content="3 Minuten" />
<script type="application/ld+json" class="yoast-schema-graph">{"@context":"https:\/\/schema.org","@graph":[{"@type":"WebPage","@id":"https:\/\/hoefligerpartners.swiss\/what-our-clients-say\/","url":"https:\/\/hoefligerpartners.swiss\/what-our-clients-say\/","name":"Was sagen unsere Kunden über uns - Hoefliger Partners","isPartOf":{"@id":"https:\/\/hoefligerpartners.swiss\/#website"},"datePublished":"2017-08-08T14:17:59+00:00","dateModified":"2025-11-24T16:48:48+00:00","breadcrumb":{"@id":"https:\/\/hoefligerpartners.swiss\/what-our-clients-say\/#breadcrumb"},"inLanguage":"de","potentialAction":[{"@type":"ReadAction","target":["https:\/\/hoefligerpartners.swiss\/what-our-clients-say\/"]}]},{"@type":"BreadcrumbList","@id":"https:\/\/hoefligerpartners.swiss\/what-our-clients-say\/#breadcrumb","itemListElement":[{"@type":"ListItem","position":1,"name":"Home","item":"https:\/\/hoefligerpartners.swiss\/"},{"@type":"ListItem","position":2,"name":"Was sagen unsere Kunden über uns"}]},{"@type":"WebSite","@id":"https:\/\/hoefligerpartners.swiss\/#website","url":"https:\/\/hoefligerpartners.swiss\/","name":"Hoefliger Partners","description":"Business Transformation - Kulturentwicklung - Organisationsentwicklung - Demokratisierung von Organisationen","publisher":{"@id":"https:\/\/hoefligerpartners.swiss\/#organization"},"potentialAction":[{"@type":"SearchAction","target":{"@type":"EntryPoint","urlTemplate":"https:\/\/hoefligerpartners.swiss\/?s={search_term_string}"},"query-input":{"@type":"PropertyValueSpecification","valueRequired":true,"valueName":"search_term_string"}}],"inLanguage":"de"},{"@type":"Organization","@id":"https:\/\/hoefligerpartners.swiss\/#organization","name":"Hoefliger Partners","url":"https:\/\/hoefligerpartners.swiss\/","logo":{"@type":"ImageObject","inLanguage":"de","@id":"https:\/\/hoefligerpartners.swiss\/#\/schema\/logo\/image\/","url":"https:\/\/hoefligerpartners.swiss\/wp-content\/uploads\/2017\/09\/Hoefliger_Partners_logo.png","contentUrl":"https:\/\/hoefligerpartners.swiss\/wp-content\/uploads\/2017\/09\/Hoefliger_Partners_logo.png","width":842,"height":270,"caption":"Hoefliger Partners"},"image":{"@id":"https:\/\/hoefligerpartners.swiss\/#\/schema\/logo\/image\/"}}]}</script>
<!-- / Yoast SEO plugin. -->

Was sagen unsere Kunden über uns - Hoefliger Partners

[vc_row][vc_column width=&#8220;1/2&#8243;][vc_single_image image=&#8220;470&#8243;][vc_column_text]José Leyún, CEO: «Hoefliger Partners led us on a process of self-reflection as an organization, leading to a strong sense of alignment on the mission and values underpinning our organization, but also to concrete steps towards building our future together. The appreciative inquiry approach helped to guide the process and put a frame&hellip;
